163 = -4*y - 57, -y + 230 = h*o. What is the tens digit of o?
5
Suppose -5*o = -0*o + 5. Let a(w) = w**3 - 7*w**2 + 5*w - 13. Let l(k) = k. Let b(g) = o*a(g) - l(g). What is the units digit of b(6)?
3
What is the thousands digit of ((-55)/(-22))/(((-145)/(-46236))/29)?
3
Let p(x) = 14*x + 74. Let h be p(-5). Suppose -4*m = -h, -4*j - 6*m + 2396 = -2*m. What is the hundreds digit of j?
5
Let j(a) = -2*a**3 + 17*a**2 + 7*a + 26. Let l be j(9). Let n(g) = 9*g**2 + 7*g + 5. What is the units digit of n(l)?
7
Let r = -146 - -71. Let s = 78 + r. What is the tens digit of (-1)/(s*(-2)/78)?
1
Let j(n) = n**3 - n**2 - 6*n - 557. Let w be j(0). Let i = 390 - w. What is the hundreds digit of i?
9
Let w = -53 - -55. Suppose s - w*u + 5 = 0, -5*s = 4*u + 6 - 51. What is the units digit of 4 - (s - 31) - -3?
3
Suppose 278034 = 27*s - 573897. What is the tens digit of s?
5
Suppose -52*b = -54*b + 214. Let r = 116 - b. Let g(f) = 2*f**2 - f - 38. What is the tens digit of g(r)?
1
Let q(s) = s**3 - 38*s**2 - 167*s + 418. What is the thousands digit of q(46)?
9
Let r(d) = -170*d - 1060. What is the units digit of r(-54)?
0
Let a be (11/(-11))/(2/(-14)). Suppose 7614 = 11*j + a*j. What is the units digit of j?
3
Let y be (-3)/21 - (-62)/14*5. Let v = y - -87. What is the hundreds digit of v?
1
Let r(b) = 14*b**3 + b**2 - 2*b + 5. Let s be r(-3). Let w = 169 + s. Let k = 323 + w. What is the hundreds digit of k?
1
Let x = -616 - -618. Suppose 4*z = d - 529, -23*d = -18*d + x*z - 2733. What is the hundreds digit of d?
5
Let r(x) = 5 - x - 5*x + 197*x**2 + 74*x**2 - 2*x + 3*x. What is the units digit of r(2)?
9
Let n = 1422 + 2031. What is the hundreds digit of n?
4
Suppose 293304 = 921*a - 897*a. What is the thousands digit of a?
2
Let i = 5984 + -19. What is the tens digit of i?
6
Let t = 9705 - 4408. What is the tens digit of t?
9
Suppose 61*z - 60*z = 3*r + 34437, -3*z + 103278 = 2*r. What is the thousands digit of z?
4
Let w be 3/(-4) + (-735042)/(-24). Suppose 42*i - w - 5116 = 0. What is the hundreds digit of i?
8
Let g(r) = -3969*r - 1795. What is the hundreds digit of g(-15)?
7
Let h(g) = -2*g + 5. Let r be h(14). What is the tens digit of 3/(-4)*(-1271 - r)?
3
Let m = -5418 + 12141. What is the thousands digit of m?
6
Let x = 1764 - 1759. Let u be (-2927)/5 + 4/10. What is the hundreds digit of (3 - u/x) + -5?
1
Let w be 1176/189 - (22/18 + -1). Suppose -3*n + w = -n. Suppose -m - 4*u + u = -16, -n*u + 68 = 5*m. What is the tens digit of m?
1
Let y be 2 + (-33)/21 - 36/84. Suppose y = -6*l + 2*l + 4, -2*g - 3*l + 2303 = 0. What is the units digit of g?
0
Let q = -23309 + 49373. What is the ten thousands digit of q?
2
Let i = -7 - -12. Suppose i*n - 41*c + 39*c = 2144, -n - 5*c = -445. What is the units digit of n?
0
Let x = 60 - 58. Let f(d) = 3 - x + d**2 + 9*d**2. What is the tens digit of f(-2)?
4
Suppose 5*q - 54449 + 15509 = 0. Suppose -5*c + k + q = 1283, 3*c - 3916 = -2*k. Suppose -6*l + c = l. What is the tens digit of l?
8
Suppose -147*d = -191*d + 676446 - 84426. What is the units digit of d?
5
What is the ten thousands digit of ((-133)/14 - -9 - 1) + (-21941)/(-2)?
1
Let t = -24 + 24. Suppose 2*n = -j - 59 - 30, t = -j - 3*n - 84. Let v = j - -180. What is the units digit of v?
1
Let u(h) = -h**3 + 23*h**2 + 17*h - 17. Let d be u(23). Suppose -442 = -4*l + d. What is the tens digit of l?
0
Suppose 4*o - 30 = 10. Suppose -3*s = 4*c + o, -5*s + c + 18 = -c. Suppose -w + q = 2*w - 100, -s*w - q = -60. What is the tens digit of w?
3
Let y = -36 - -57. Let i be 2/(8/(-6)*y/(-1358)). Suppose 0 = -6*v - i + 481. What is the units digit of v?
4
Let a be (-193 + 193)*(0 + 2/(-4)). Let p(n) = n. Let h be p(2). Suppose a = -j - 3*m + 163, -5*j = h*m + 92 - 946. What is the hundreds digit of j?
1
Suppose 4*p = -13617 + 52985. What is the hundreds digit of p?
8
Let m(w) be the third derivative of -181*w**6/15 - w**5/60 + w**4/8 + 2*w**3/3 + 61*w**2. What is the units digit of m(-1)?
8
Let n be -4 + -1 + (0 - -5429). Suppose -14*u + 22*u = n. What is the tens digit of u?
7
Let b(y) = -6*y - 46. Let c be b(-6). Let q(r) = 0*r**2 + 2*r + 4*r + r**2. What is the units digit of q(c)?
0
Suppose 50*h = 46*h + 180. Let w be (-10)/h - 2559/27. What is the tens digit of (w + 1)*(-4 - (-5)/2)?
4
Suppose -s - 5*z + 21180 = 0, -18*z = 5*s - 22*z - 105987. What is the hundreds digit of s?
1
Let l = -8 - -10. Let r(b) = b**2 + 12*b + 24. Let a be r(-10). Suppose -2*v = 2*q - 62, -l*q - a = -0*q. What is the units digit of v?
3
Suppose v - 4*v = -i - 1, 0 = -5*i - 3*v + 49. Suppose i*n = 7*n + 2. Suppose -5*s = 4 - 24, p + n*s - 123 = 0. What is the tens digit of p?
1
Suppose 1290 = 19*g - 14*g. Suppose -5*r + r - o + g = 0, -122 = -2*r - 4*o. What is the tens digit of r?
6
Let x(n) = 2*n**3 - 64*n**2 + 2*n - 9. Let r be x(32). Suppose -r*t = -47*t - 4104. What is the tens digit of t?
1
Let k(n) = -2*n - 72. Let w be k(-35). What is the hundreds digit of (-10 + 4)/(-2*w/(-660))?
9
Suppose -5*s - 67 = -2107. Let p = 1067 - s. What is the hundreds digit of p?
6
Let f = -78 + 83. Suppose 0 = -f*l - 5 + 35. Suppose -124 = -l*s + 1154. What is the tens digit of s?
1
Suppose -3*c - 1 = 5. Let f be 20/70 + c/7. Suppose -3*p + 14*p - 1419 = f. What is the units digit of p?
9
Let k(y) = 5*y**3 + 2*y + 16. Let g(o) = 24*o**3 + o**2 + 10*o + 78. Let l(t) = 4*g(t) - 22*k(t). What is the tens digit of l(-4)?
3
Suppose h + 68 = -4*d - 48, 0 = -5*h. Let v = -25 - d. Suppose 6*m = v*m + 206. What is the units digit of m?
3
Let o(c) = 6*c**2 - 44*c + 11. What is the units digit of o(-29)?
3
Suppose 4*q + c = -17, c + 11 = -q - q. Suppose -53 = -15*l + 442. What is the tens digit of 7848/l + q - 18/(-99)?
3
Let v = -266 - -274. Suppose 2810 = 5*g + 4*r, -6*r = -v*r - 10. What is the units digit of g?
6
Let a be (-251792)/6*810/(-360). What is the units digit of a/90 - ((-2)/15)/(-1)?
9
Let r(p) = -7*p - 23. Let h be r(-16). Let y = h - -266. What is the hundreds digit of y?
3
What is the units digit of 10/16 - 1150050/(-1200)?
9
Let j(d) = 118*d**2 - 55*d - 8. What is the tens digit of j(-2)?
7
What is the thousands digit of (-2 + (-1 - -2499))*(-8)/(-3)?
6
Suppose -74*q - 18*q = -375820. What is the units digit of q?
5
Let g(x) = 114*x**3 - 263*x + 1014. What is the units digit of g(4)?
8
Let z = 17239 + -6123. What is the ten thousands digit of z?
1
Let b(a) = 98*a**2 + 17*a + 32. Let i be b(-2). Suppose -l + 4*n + i = 0, -l + n + 393 = -2*n. What is the hundreds digit of l?
4
Let d be 35/45 - 1 - (-18544)/18. Suppose 11*q - q = d. What is the hundreds digit of (8 - 12)*q/(-4)?
1
Let h(o) = -28252*o + 1221. What is the tens digit of h(-2)?
2
Let l = 1678 + -1173. Suppose l*a = 509*a - 3296. What is the units digit of a?
4
What is the thousands digit of 1/6*2 - (-26215388)/444?
9
Let m = -28 + 30. Suppose m*l - 29 = -27. What is the tens digit of 0/l + -12 + 59?
4
Let v = -608 + 410. Let s = 203 + v. What is the units digit of s?
5
Let w be 5/(20/18)*4/6. Suppose 864 = 5*d - 4*p, 2*d - 349 = 2*p + w*p. What is the units digit of d?
2
Suppose 39*z - 126 = 48*z. Let d(j) be the second derivative of -7*j**3/6 - 7*j**2/2 + 2*j. What is the units digit of d(z)?
1
What is the thousands digit of 135/(-90)*(-1866)/(-9)*-65?
0
Let y(i) = i**2 - i - 1. Let p(s) = 2*s**2 - 12*s - 13. Let f(x) = -p(x) + 3*y(x). Let c be f(-7). What is the units digit of (c + 2)*(-3 + -6)?
8
Let i = 16466 + 2231. What is the tens digit of i?
9
Suppose d + 3*r = -696, -3*d + 1063 - 3081 = -5*r. Let p = -466 - d. What is the tens digit of p?
1
Let s be -47 + (-4)/(-4) + 1 + -4. What is the tens digit of 602 + (s/(-35) - (-6)/(-15))?
0
Let h = 14293 + -3568. What is the tens digit of h?
2
Let j be 5/(-1) + 1 + (2 - -13). Suppose -8*o = 3*o + j. What is the tens digit of ((-2124)/27 + (-2)/6)*o?
7
Suppose 5*n + 21 = 2*n. Let b(i) = -16*i - 2. Let c be b(n). What is the units digit of (-4 - c/(-25))/((-2)/(-10))?
2
Let u = -35 + 36. Let p be (-18*u/(-2))/(-1) - -1. What is the hundreds digit of -100*(-3 + p/((-12)/3))?
1
Let v = -1743 - -3208. Suppose -875 - 584 = -5*f - 3*r, 5*f - v = -5*r. Suppose -17*a = -19*a + f. What is the hundreds digit of a?
1
Suppose 94*t - 99*t = -20. What is the tens digit of 652/(3/6*t)?
2